remainder when i is divided by f?
14
Let y(b) = b**3 + 4*b**2 - 5*b + 5. Let z be 18/(((-27)/30)/((-63)/15)). Suppose -15*q + 8*q = -z. What is the remainder when q is divided by y(-5)?
2
Suppose -9*u + 4*u - 2*u = -1155. What is the remainder when 1322 is divided by u?
2
Let v(x) = x**3 - 23*x**2 + 147*x + 53. What is the remainder when 3121 is divided by v(10)?
222
Calculate the remainder when 1479 is divided by (-4)/(-7)*21*65/10.
75
Suppose -6*i + 5*i + 2 = 0. Let q(t) = 18*t**2 - t**2 - 5*t**2 - t**i - 5. Calculate the remainder when q(2) is divided by 14.
11
Let h be 2 + -3*(-4)/6. Suppose h*z = -5*l + 294, -4*z = -13*l + 10*l - 310. What is the remainder when z is divided by 27?
22
Let t(r) = -r**2 + 60*r - 473. What is the remainder when 3806 is divided by t(48)?
98
Let h = -1350 + 1373. Suppose -474 = -4*a - z - 46, 4 = -z. Calculate the remainder when a is divided by h.
16
Let k = -365 - -663. Suppose k = 2*o - 100. What is the remainder when o is divided by 25?
24
Let d = 22469 + 15708. What is the remainder when d is divided by 54?
53
Suppose 5*b - 8*b - 45 = 0. Let z be b*((-2 - (-2)/1) + 5). What is the remainder when 26 is divided by (90/z)/(4/(-30))?
8
Let t(p) = p**3 - 7*p**2 + 9*p + 7. Let f be t(5). Let z = 1 - f. What is the remainder when (3 - z)/(2/16) is divided by 17?
15
Let j be ((5 - -5)/5)/(2/(-77)). Let o = j - -84. Calculate the remainder when 14 is divided by o.
0
Let z(x) = 76*x**2 - 742*x - 26. Calculate the remainder when 457 is divided by z(10).
149
Let b = -40 + 57. Let n be (-108)/16*24*16/36. Let l = b - n. What is the remainder when l is divided by 30?
29
Suppose 4*o = s - 146, 509*s = 514*s + o - 646. Calculate the remainder when s is divided by 25.
5
Let n(l) = -11*l**3 + 2*l**2 - l - 12. Calculate the remainder when n(-3) is divided by 23.
7
Let u(w) = 11*w**2 - 4*w + 2. What is the remainder when ((-148)/(-2))/(((-127)/1143)/((-6)/27)) is divided by u(2)?
34
Suppose 2*a + 360 = -4*p, -3*a - 72 = p + 23. Let u = -15 - p. Let f = 85 - u. What is the remainder when 62 is divided by f?
7
Suppose -7815 = 9*y - 10236. What is the remainder when y is divided by 16?
13
Let h = 1170 - 824. Suppose -h = -7*u - 59. What is the remainder when 101 is divided by u?
19
Let x(i) = -i**2 + 20*i + 2. Let f(v) = 0*v**3 - 19 + 2*v**3 - 25*v**2 + 0*v**3 + 25*v - v**3. Calculate the remainder when x(19) is divided by f(24).
1
Let z(v) = v**3 - 2*v**2 - 3*v - 6. Calculate the remainder when 2362/4 + (23 - (-5 - (-1705)/62)) is divided by z(5).
51
Let d(a) = 284*a + 4. Let k be d(8). Let u = -290 + k. Calculate the remainder when (-1)/6 - u/(-36) is divided by 16.
7
Let m = 3800 - -13468. What is the remainder when m is divided by 157?
155
Let u be (15/(-35) + -3)*7. Let b = -22 - u. Suppose b*n + 3*n - 75 = 0. Calculate the remainder when 26 is divided by n.
11
Let k be (-54)/(-3) - (-14 - -18). Suppose 21 = -f - 4*v + 60, 2*v = -2*f + 84. Calculate the remainder when f is divided by -1 + k - (-32)/16.
13
Let q(b) = -48*b**3 - 5*b**2 + 3*b + 78. What is the remainder when q(-5) is divided by 220?
218
Let b(d) = 31*d**3 + 6*d**2 - 5*d - 9. Let i be b(3). Suppose 15*n - i = -27. Calculate the remainder when n is divided by 30.
26
Let n be (5/4)/((-2035)/340 + 6). Suppose 9*r - 11*r = -i - n, -i = 3*r - 140. What is the remainder when r is divided by 24?
21
Calculate the remainder when 668 is divided by (-240)/(-36) - (-22 - -19 - 11/(-3)).
2
Suppose 4*x + 3*l - 2479 = 0, x - 4*l - 601 = -l. Suppose 13 = 5*q - 7, -4*j = q - x. Calculate the remainder when j is divided by 56.
41
Let q(t) be the second derivative of -5/2*t**3 - 13*t**2 + 4*t - 1/12*t**4 + 0. What is the remainder when 54 is divided by q(-9)?
26
Let j = 42 - 25. Let g = j - 9. Calculate the remainder when g is divided by (1728/90 - 19) + (-68)/(-10).
1
Let f(n) be the first derivative of n**2/2 + 77*n + 136. Calculate the remainder when f(-12) is divided by 22.
21
Let i be 426/8 + (-6)/24. Let j = i + -33. Let c = 253 + -246. Calculate the remainder when j is divided by c.
6
Suppose -5 = -19*h + 90. Suppose -2*a = -h*s + 90, -s = -0*s - 2*a - 26. What is the remainder when 269 is divided by s?
13
Let j = 23422 + -22396. What is the remainder when j is divided by 23?
14
Let m(u) = 168*u + 5048. Let p be m(-30). Let j = -2 - -4. Suppose j*l = -p*l + 130. Calculate the remainder when l is divided by 6.
1
Let z = -2945 + 3529. What is the remainder when z is divided by 89?
50
Suppose -79 - 572 = -7*j. Suppose 1194 = 96*g - j*g. Calculate the remainder when g is divided by 57.
56
Let j(v) = 2*v - 6. Suppose 14 + 21 = 5*n. Let r be j(n). Suppose -r*q = -14*q + 102. Calculate the remainder when 134 is divided by q.
15
Suppose 0 = 39063*m - 39078*m + 8820. Calculate the remainder when m is divided by 172.
72
Let j(o) = 5*o**3 - 110*o**2 + o + 41. What is the remainder when j(22) is divided by 20?
3
Let n = 529 + -875. Let p = n - -352. Calculate the remainder when 339 is divided by p.
3
Suppose 20*o - 12400 = -42*o. Calculate the remainder when o is divided by 67.
66
Suppose -7*l - 2*l = 0. Suppose -3*o + 20 = o, l = 4*h - 4*o + 24. Calculate the remainder when 1/(4/176) + h is divided by 11.
10
Suppose -6*g - 417 = -3*x, -632 = -4*x + 2*g - 52. Calculate the remainder when x is divided by 32.
19
Let d(y) = 2*y**3 - 5*y**2 + 8*y + 3. Let o be d(6). Let l = -178 + o. Calculate the remainder when l is divided by 32.
29
Suppose -1964 = -g + 2*d + 2694, 2*g - 9331 = d. What is the remainder when g is divided by 29?
28
What is the remainder when 3036 is divided by 98580/2604 + 2/14?
34
Let v(z) = -5*z**3 - 4*z**2 - 6*z - 6. Let g = -37 + 35. Let a be (g/3)/((-2)/(-9)). Calculate the remainder when v(a) is divided by 19.
16
Let y be 5217/12 - 5/(-20). Calculate the remainder when (2 + (-40)/24)*69 is divided by 4/(-22) - y/(-33).
10
Let j(s) = -s**2 + 5*s + 5. Let x(n) = 2*n**3 - 50*n**2 + 3*n + 3. Calculate the remainder when x(25) is divided by j(4).
6
Calculate the remainder when -2*(-212)/(-8)*(-36)/6 is divided by 110.
98
Suppose -3*r - 106 = -2*v, -37*r + 251 = 5*v - 41*r. Suppose i = 5*i + a - 21, -4*a = -2*i + 6. What is the remainder when v is divided by i?
2
Suppose 18 = 3*o - 6. Let g(r) = 6*r + 48. Let h be g(14). Suppose 0 = 12*t - t - h. What is the remainder when t is divided by o?
4
Let i(n) = n**3 - n**2 - 7*n - 4. Let x be i(-2). Calculate the remainder when (-415)/10*x + -4 is divided by 42.
37
Let q(p) = -35*p - 275. Let n be q(-8). Suppose -97 = -2*l + 5*k, -163 = -n*l - 5*k - 8. What is the remainder when 355 is divided by l?
31
Let n(v) = -10*v + 16. Suppose 27 = 4*u + 3*g, 0 = 3*u - g + 3*g - 19. Suppose 22 = u*p - p. What is the remainder when p is divided by n(1)?
5
Let v = 679 + -681. Calculate the remainder when v*(-143*1 + 25/10) is divided by 47.
46
Suppose 2*a + 5*h = -8, -37 = -5*a + 2*h + 1. Let r(c) = 8*c**2 + 5*c + 2. Let m be r(-3). Let k = m - 30. What is the remainder when k is divided by a?
5
Suppose 453 = -7*q + 579. Let v = 2 + 2. Let j = v - 0. What is the remainder when q is divided by j?
2
Let f(p) = 2*p**3 - 9*p**2 - 68*p + 102. Calculate the remainder when 1617 is divided by f(10).
51
Suppose 4*h = -3*t + 106, 8*h - 3*h + 4*t - 133 = 0. Let c = -5 + -1. What is the remainder when h is divided by ((-21)/c)/((-2)/(-4))?
4
Suppose -3 = 4*j - 127. Suppose -3*g + 4*g - 157 = v, 0 = -4*g - 4*v + 604. What is the remainder when g is divided by j?
30
Suppose 0*m + 792 = 2*a + m, -5*a + 1967 = -4*m. Let f = -380 + a. Calculate the remainder when f is divided by 10.
5
Let x(f) = f**3 - 9*f**2 - 7*f - 9. Let w = -71 + 81. What is the remainder when 103 is divided by x(w)?
19
Suppose 2*t + 7324*a - 7326*a - 2976 = 0, -6006 = -4*t - 2*a. Calculate the remainder when t is divided by 723.
51
Let d(o) = -o**3 + 9*o**2 - 7*o - 2. Let a be d(8). Let t(j) = -3*j**2 + 5 + j + j - 4*j**2 + j**3 + j**2. What is the remainder when 32 is divided by t(a)?
15
Let w(c) = -7*c + 1. Let g(y) be the second derivative of 4*y**4/3 - 5*y**3/6 - y**2 - 7*y. What is the remainder when g(-2) is divided by w(-2)?
12
Suppose -195*j + 199*j = -2*r + 6298, 21 = -3*r. What is the remainder when j is divided by 29?
12
Let h(q) = 7*q**2 - 36*q - 9. Let g be h(10). Let c